me factors of 14675418?
2, 3, 157, 577
List the prime factors of 1917860.
2, 5, 7, 19, 103
What are the prime factors of 26589?
3, 8863
List the prime factors of 313295.
5, 62659
List the prime factors of 272055.
3, 5, 7, 2591
List the prime factors of 1139406.
2, 3, 189901
What are the prime factors of 1614669?
3, 7, 23, 3343
List the prime factors of 3848798.
2, 401, 4799
What are the prime factors of 7699786?
2, 61, 63113
What are the prime factors of 370057?
370057
List the prime factors of 598764.
2, 3, 41, 1217
List the prime factors of 370386.
2, 3, 19
What are the prime factors of 1245978?
2, 3, 69221
What are the prime factors of 709121?
7, 17, 59, 101
List the prime factors of 10200303.
3, 377789
What are the prime factors of 7577033?
29, 227, 1151
What are the prime factors of 1206067?
47, 67, 383
List the prime factors of 4886171.
2089, 2339
List the prime factors of 36006577.
19, 1895083
What are the prime factors of 239476?
2, 19, 23, 137
What are the prime factors of 184413?
3, 61471
List the prime factors of 1028769.
3, 7, 48989
What are the prime factors of 101393?
41, 2473
List the prime factors of 38837.
71, 547
What are the prime factors of 802035?
3, 5, 13, 457
What are the prime factors of 127043?
7, 18149
What are the prime factors of 1648690?
2, 5, 173, 953
List the prime factors of 366324.
2, 3, 7, 89
What are the prime factors of 1818874?
2, 909437
List the prime factors of 57100.
2, 5, 571
List the prime factors of 2211103.
43, 51421
List the prime factors of 2009149.
29, 2389
What are the prime factors of 4757673?
3, 89, 103, 173
What are the prime factors of 18609749?
18609749
List the prime factors of 6628437.
3, 307, 2399
What are the prime factors of 99201?
3, 43, 769
List the prime factors of 1999791.
3, 222199
List the prime factors of 1244033.
7, 43, 4133
What are the prime factors of 12652?
2, 3163
What are the prime factors of 13372808?
2, 19, 97, 907
What are the prime factors of 678989?
678989
What are the prime factors of 3118422?
2, 3, 519737
List the prime factors of 454.
2, 227
What are the prime factors of 3040331?
7, 17, 29, 881
List the prime factors of 4980677.
13, 17, 31, 727
List the prime factors of 6811450.
2, 5, 23, 5923
List the prime factors of 1334822.
2, 89, 7499
What are the prime factors of 2620913?
2620913
List the prime factors of 3331913.
13, 256301
List the prime factors of 16394575.
5, 83, 7901
List the prime factors of 3274761.
3, 7, 17, 9173
What are the prime factors of 478879?
478879
What are the prime factors of 10265920?
2, 5, 7, 4583
What are the prime factors of 20381177?
20381177
What are the prime factors of 24014507?
11, 23, 8629
What are the prime factors of 3620371?
17, 173, 1231
List the prime factors of 1643233.
1643233
What are the prime factors of 2504698?
2, 7, 178907
List the prime factors of 194696.
2, 24337
What are the prime factors of 163674?
2, 3, 7, 433
What are the prime factors of 2359422?
2, 3, 13, 3361
List the prime factors of 27031633.
27031633
What are the prime factors of 25538737?
7, 3648391
List the prime factors of 60495.
3, 5, 37, 109
What are the prime factors of 2245759?
2245759
What are the prime factors of 32713850?
2, 5, 13, 50329
What are the prime factors of 1610220?
2, 3, 5, 47, 571
List the prime factors of 34932.
2, 3, 41, 71
List the prime factors of 403034.
2, 201517
What are the prime factors of 1274817?
3, 424939
What are the prime factors of 2707586?
2, 7, 37, 5227
What are the prime factors of 227453?
227453
What are the prime factors of 106113?
3, 7, 31, 163
List the prime factors of 1342688.
2, 41959
What are the prime factors of 4686978?
2, 3, 781163
What are the prime factors of 162675?
3, 5, 241
What are the prime factors of 712683?
3, 79187
What are the prime factors of 119063?
7, 73, 233
List the prime factors of 3207511.
23, 139457
List the prime factors of 352319.
11, 32029
What are the prime factors of 8908053?
3, 7, 11, 787
List the prime factors of 8015587.
19, 43, 9811
What are the prime factors of 2807571?
3, 13, 193, 373
List the prime factors of 1753211.
89, 19699
List the prime factors of 459410.
2, 5, 7, 6563
List the prime factors of 87759.
3, 7, 199
List the prime factors of 9014.
2, 4507
List the prime factors of 20199771.
3, 59, 109, 349
What are the prime factors of 1318830?
2, 3, 5, 43961
What are the prime factors of 10911761?
7, 83, 2683
List the prime factors of 23090.
2, 5, 2309
What are the prime factors of 57217?
29, 1973
List the prime factors of 95269.
47, 2027
List the prime factors of 611071.
611071
What are the prime factors of 649298?
2, 13, 17, 113
What are the prime factors of 1054860?
2, 3, 5, 17581
List the prime factors of 2601272.
2, 17, 31, 617
What are the prime factors of 22390868?
2, 23, 257, 947
What are the prime factors of 27378752?
2, 61, 7013
List the prime factors of 1099287.
3, 7, 17449
List the prime factors of 46651.
11, 4241
What are the prime factors of 144680?
2, 5, 3617
List the prime factors of 216586.
2, 108293
List the prime factors of 551208.
2, 3, 7, 17, 193
List the prime factors of 332922.
2, 3, 55487
List the prime factors of 314221.
199, 1579
What are the prime factors of 1536307?
17, 90371
What are the prime factors of 836721?
3, 31, 2999
What are the prime factors of 3105308?
2, 776327
List the prime factors of 992822.
2, 661, 751
List the prime factors of 13134118.
2, 1373, 4783
What are the prime factors of 649337?
13, 199, 251
List the prime factors of 1169583.
3, 17, 19, 71
What are the prime factors of 264511?
13, 20347
List the prime factors of 3219041.
7, 89, 5167
List the prime factors of 3993021.
3, 19, 1229
What are the prime factors of 1048012?
2, 7, 5347
What are the prime factors of 1703373?
3, 7, 29, 2797
What are the prime factors of 6017969?
2243, 2683
List the prime factors of 288824.
2, 79, 457
List the prime factors of 5459396.
2, 41, 33289
List the prime factors of 332046.
2, 3, 11, 13, 43
List the prime factors of 3284476.
2, 13, 83, 761
What are the prime factors of 27239?
27239
List the prime factors of 929624.
2, 29, 4007
What are the prime factors of 303684?
2, 3, 25307
List the prime factors of 6726877.
43, 73, 2143
What are the prime factors of 23425088?
2, 31, 11807
What are the prime factors of 17560516?
2, 47, 93407
List the prime factors of 1558023.
3, 619, 839
List the prime factors of 2003520.
2, 3, 5, 2087
List the prime factors of 1441072.
2, 90067
What are the prime factors of 2657996?
2, 11, 193, 313
What are the prime factors of 33029015?
5, 47, 140549
List the prime factors of 564305.
5, 7, 23, 701
List the prime factors of 17289669.
3, 373, 15451
What are the prime factors of 35324856?
2, 3, 7, 61, 383
What are the prime factors of 24656894?
2, 317, 38891
What are the prime factors of 18364125?
3, 5, 13, 3767
What are the prime factors of 3974951?
3974951
What are the prime factors of 19976340?
2, 3, 5, 223, 1493
What are the prime factors of 463047?
3, 13, 31, 383
What are the prime factors of 6720109?
11, 610919
What are the prime factors of 3243607?
1163, 2789
List the prime factors of 232160.
2, 5, 1451
What are the prime factors of 1534030?
2, 5, 179, 857
What are the prime factors of 3999707?
3999707
List the prime factors of 303432.
2, 3, 47, 269
List the prime factors of 2054418.
2, 3, 29, 11807
List the prime factors of 10030402.
2, 5015201
List the prime factors of 336264.
2, 3, 14011
What are the prime factors of 3994477?
59, 79, 857
What are the prime factors of 131036?
2, 17, 41, 47
What are the prime factors of 937396?
2, 29, 8081
What are the prime factors of 313613?
313613
List the prime factors of 19676460.
2, 3, 5, 327941
What are the prime factors of 626237?
127, 4931
List the prime factors of 30617.
17, 1801
What are the prime factors of 800418?
2, 3, 133403
List the prime factors of 187819.
61, 3079
What are the prime factors of 1667393?
7, 13, 73, 251
What are the prime factors of 1174471?
29, 40499
What are the prime factors of 7803845?
5, 7, 222967
What are the prime factors of 3583868?
2, 173, 5179
What are the prime factors of 890929?
13, 19, 3607
List the prime factors of 738939.
3, 17, 14489
What are the prime factors of 498468?
2, 3, 41539
What are the prime factors of 331649?
41, 8089
Li